{"id":60,"date":"2014-03-25T13:39:23","date_gmt":"2014-03-25T11:39:23","guid":{"rendered":"http:\/\/www.car-beautybox-bike.at\/?page_id=60"},"modified":"2015-10-23T12:04:15","modified_gmt":"2015-10-23T10:04:15","slug":"smart-repair","status":"publish","type":"page","link":"http:\/\/www.car-beautybox-bike.at\/?page_id=60","title":{"rendered":"Produkt Neuheit in Bereich &#8211; Aufbereitung  Lackversieglung"},"content":{"rendered":"<div id=\"content\">\n<div id=\"maincontent\">\n<h2><strong>Langzeit \u2013 Lackversieglung<\/strong>\u00a0nur f\u00fcr den professionellen Anwender<\/h2>\n<h3>professionelle Versiegelung auf <span style=\"color: #000080;\"><strong>Silizium \/ Titan Basis<\/strong><\/span><\/h3>\n<p>Enth\u00e4lt kein Silikon oder andere<br \/>\nZusatzstoffe die evtl. zu Lackirritationen f\u00fchren<br \/>\nk\u00f6nnten.<\/p>\n<p>Professionelles Lack-Finishsystem (Brillanter Glanz, Hologramm frei, Stabil und sicher)<br \/>\nDie Beschichtungen erf\u00fcllen h\u00f6chste Anspr\u00fcche und werden von renommierten und weltweit handelnden Unternehmen in Europa und Asien eingesetzt.<\/p>\n<p>jetzt auch in meinen Betrieb anzubieten .<\/p>\n<p>Verarbeitungs Hinweis :<\/p>\n<p>Dieses Produkt hat nach Auftragen\u00a0den besten Schutz nach einer\u00a0\u00a0Einwirkzeit von 8 Std . eine verankerte Schicht zur lackoberfl\u00e4che aufgebaut \u00fcber molyk\u00fcle kettenbindungen (Atome)<\/p>\n<p>Diese Schicht gl\u00e4ttet die Oberfl\u00e4che und f\u00fcllt Unebenheiten wie leichte Kratzspuren auf und geben einen absoluten Hochglanz durch gerichtete Reflextion des Lichteinfalls .<\/p>\n<\/div>\n<\/div>\n<div id=\"footer\"><\/div>","protected":false},"excerpt":{"rendered":"<p>Langzeit \u2013 Lackversieglung\u00a0nur f\u00fcr den professionellen Anwender professionelle Versiegelung auf Silizium \/ Titan Basis Enth\u00e4lt kein Silikon oder andere Zusatzstoffe die evtl. zu Lackirritationen f\u00fchren k\u00f6nnten. Professionelles Lack-Finishsystem (Brillanter Glanz, Hologramm frei, Stabil und sicher) Die Beschichtungen erf\u00fcllen h\u00f6chste Anspr\u00fcche und werden von renommierten und weltweit handelnden Unternehmen in Europa und Asien eingesetzt. jetzt auch [&hellip;]<\/p>\n","protected":false},"author":1,"featured_media":78,"parent":0,"menu_order":0,"comment_status":"closed","ping_status":"closed","template":"templates\/template-full.php","meta":{"footnotes":""},"class_list":["post-60","page","type-page","status-publish","has-post-thumbnail","hentry","post","post-with-thumbnail","post-with-thumbnail-large"],"_links":{"self":[{"href":"http:\/\/www.car-beautybox-bike.at\/index.php?rest_route=\/wp\/v2\/pages\/60","targetHints":{"allow":["GET"]}}],"collection":[{"href":"http:\/\/www.car-beautybox-bike.at\/index.php?rest_route=\/wp\/v2\/pages"}],"about":[{"href":"http:\/\/www.car-beautybox-bike.at\/index.php?rest_route=\/wp\/v2\/types\/page"}],"author":[{"embeddable":true,"href":"http:\/\/www.car-beautybox-bike.at\/index.php?rest_route=\/wp\/v2\/users\/1"}],"replies":[{"embeddable":true,"href":"http:\/\/www.car-beautybox-bike.at\/index.php?rest_route=%2Fwp%2Fv2%2Fcomments&post=60"}],"version-history":[{"count":8,"href":"http:\/\/www.car-beautybox-bike.at\/index.php?rest_route=\/wp\/v2\/pages\/60\/revisions"}],"predecessor-version":[{"id":380,"href":"http:\/\/www.car-beautybox-bike.at\/index.php?rest_route=\/wp\/v2\/pages\/60\/revisions\/380"}],"wp:featuredmedia":[{"embeddable":true,"href":"http:\/\/www.car-beautybox-bike.at\/index.php?rest_route=\/wp\/v2\/media\/78"}],"wp:attachment":[{"href":"http:\/\/www.car-beautybox-bike.at\/index.php?rest_route=%2Fwp%2Fv2%2Fmedia&parent=60"}],"curies":[{"name":"wp","href":"https:\/\/api.w.org\/{rel}","templated":true}]}}