{"id":383,"date":"2015-10-23T15:14:15","date_gmt":"2015-10-23T13:14:15","guid":{"rendered":"http:\/\/www.car-beautybox-bike.at\/?page_id=383"},"modified":"2015-10-23T15:30:43","modified_gmt":"2015-10-23T13:30:43","slug":"flugzeugaufbereitung","status":"publish","type":"page","link":"http:\/\/www.car-beautybox-bike.at\/?page_id=383","title":{"rendered":"Flugzeugaufbereitung"},"content":{"rendered":"<h1><\/h1>\n<h1><\/h1>\n<h1><img loading=\"lazy\" decoding=\"async\" class=\"size-large wp-image-385 aligncenter\" alt=\"fly3\" src=\"http:\/\/www.car-beautybox-bike.at\/wp-content\/uploads\/2015\/10\/fly3-1024x571.jpg\" width=\"720\" height=\"401\" srcset=\"http:\/\/www.car-beautybox-bike.at\/wp-content\/uploads\/2015\/10\/fly3-1024x571.jpg 1024w, http:\/\/www.car-beautybox-bike.at\/wp-content\/uploads\/2015\/10\/fly3-300x167.jpg 300w, http:\/\/www.car-beautybox-bike.at\/wp-content\/uploads\/2015\/10\/fly3.jpg 1766w\" sizes=\"auto, (max-width: 720px) 100vw, 720px\" \/><\/h1>\n<h1><\/h1>\n<p>&nbsp;<\/p>\n<h1 style=\"text-align: center;\">Im Hangar Vorort<\/h1>\n<div style=\"text-align: center;\">Mein pers\u00f6nlich\u00a0Einsatz\u00a0und Erfahrung steht f\u00fcr Qualit\u00e4t. Sie k\u00f6nnen uns\u00a0Ihr Flugzeug anvertrauen. Dazu geh\u00f6ren nat\u00fcrlich auch kleine und gro\u00dfe Flugzeuge. F\u00fcr\u00a0diese bieten wir vorwiegend\u00a0die Trockenreinigungen an. Polier-und Versiegelung, sowie\u00a0Innenreinigung.<br \/>\nEin\u00a0<strong>poliertes<\/strong>\u00a0und\u00a0<strong>versiegeltes Flugzeug<\/strong>\u00a0ist nicht nur optisch von Vorteil. Eine\u00a0<strong>Titanversiegelung<\/strong>\u00a0zum Beispiel verschafft\u00a0auf der Oberfl\u00e4che einen\u00a0noch besseren und Langanhalten Schutz\u00a0besser, h\u00e4lt auch der\u00a0Chemische\u00a0Enteisung im Winter stand.<\/div>\n<div style=\"text-align: center;\">Der Innenraum bekommt eine professionelle Reinigung. Ob Cockpit, Galley, Kabine oder Lavatory. Wir sind ausger\u00fcstet f\u00fcr die edelsten Materialien eines Businessjet. Edelholz, Leder und Alcantara sind bei uns in besten H\u00e4nden.<\/div>\n<div style=\"text-align: center;\"><\/div>\n<div style=\"text-align: center;\">Stellen Sie uns Ihre W\u00fcnsche und den Standort der Maschine\u00a0mit Sie erhalten umgehend ein Angebot.<\/div>\n<p style=\"text-align: center;\">","protected":false},"excerpt":{"rendered":"<p>&nbsp; Im Hangar Vorort Mein pers\u00f6nlich\u00a0Einsatz\u00a0und Erfahrung steht f\u00fcr Qualit\u00e4t. Sie k\u00f6nnen uns\u00a0Ihr Flugzeug anvertrauen. Dazu geh\u00f6ren nat\u00fcrlich auch kleine und gro\u00dfe Flugzeuge. F\u00fcr\u00a0diese bieten wir vorwiegend\u00a0die Trockenreinigungen an. Polier-und Versiegelung, sowie\u00a0Innenreinigung. Ein\u00a0poliertes\u00a0und\u00a0versiegeltes Flugzeug\u00a0ist nicht nur optisch von Vorteil. Eine\u00a0Titanversiegelung\u00a0zum Beispiel verschafft\u00a0auf der Oberfl\u00e4che einen\u00a0noch besseren und Langanhalten Schutz\u00a0besser, h\u00e4lt auch der\u00a0Chemische\u00a0Enteisung im Winter stand. [&hellip;]<\/p>\n","protected":false},"author":1,"featured_media":385,"parent":0,"menu_order":0,"comment_status":"closed","ping_status":"closed","template":"templates\/template-full-notitle.php","meta":{"footnotes":""},"class_list":["post-383","page","type-page","status-publish","has-post-thumbnail","hentry","post","post-with-thumbnail","post-with-thumbnail-large"],"_links":{"self":[{"href":"http:\/\/www.car-beautybox-bike.at\/index.php?rest_route=\/wp\/v2\/pages\/383","targetHints":{"allow":["GET"]}}],"collection":[{"href":"http:\/\/www.car-beautybox-bike.at\/index.php?rest_route=\/wp\/v2\/pages"}],"about":[{"href":"http:\/\/www.car-beautybox-bike.at\/index.php?rest_route=\/wp\/v2\/types\/page"}],"author":[{"embeddable":true,"href":"http:\/\/www.car-beautybox-bike.at\/index.php?rest_route=\/wp\/v2\/users\/1"}],"replies":[{"embeddable":true,"href":"http:\/\/www.car-beautybox-bike.at\/index.php?rest_route=%2Fwp%2Fv2%2Fcomments&post=383"}],"version-history":[{"count":5,"href":"http:\/\/www.car-beautybox-bike.at\/index.php?rest_route=\/wp\/v2\/pages\/383\/revisions"}],"predecessor-version":[{"id":392,"href":"http:\/\/www.car-beautybox-bike.at\/index.php?rest_route=\/wp\/v2\/pages\/383\/revisions\/392"}],"wp:featuredmedia":[{"embeddable":true,"href":"http:\/\/www.car-beautybox-bike.at\/index.php?rest_route=\/wp\/v2\/media\/385"}],"wp:attachment":[{"href":"http:\/\/www.car-beautybox-bike.at\/index.php?rest_route=%2Fwp%2Fv2%2Fmedia&parent=383"}],"curies":[{"name":"wp","href":"https:\/\/api.w.org\/{rel}","templated":true}]}}